ue
Is 507114 a multiple of 3?
True
Is 151030 a multiple of 110?
True
Does 387 divide 120744?
True
Does 123 divide 1380306?
True
Does 23 divide 197524?
True
Does 16 divide 154748?
False
Does 95 divide 369455?
True
Is 1686300 a multiple of 44?
True
Is 99074 a multiple of 162?
False
Does 46 divide 16071802?
True
Is 10620236 a multiple of 52?
False
Is 6 a factor of 104946?
True
Is 16 a factor of 15423?
False
Does 91 divide 220220?
True
Does 21 divide 2874249?
True
Is 121 a factor of 3473805?
False
Is 168168 a multiple of 4?
True
Does 17 divide 4393429?
True
Does 49 divide 4282775?
False
Is 129580 a multiple of 24?
False
Does 38 divide 39798?
False
Does 10 divide 23238796?
False
Does 1003 divide 2279819?
True
Does 94 divide 387536?
False
Is 3689847 a multiple of 69?
False
Is 452745 a multiple of 787?
False
Is 578 a factor of 110976?
True
Is 21 a factor of 257418?
True
Does 14 divide 55243?
False
Does 38 divide 1206916?
False
Is 18 a factor of 166500?
True
Does 95 divide 558272?
False
Does 574 divide 866345?
False
Does 441 divide 118188?
True
Does 9 divide 849702?
False
Does 16 divide 14800?
True
Is 40561 a multiple of 4?
False
Is 4944756 a multiple of 4?
True
Is 4502224 a multiple of 752?
True
Is 682244 a multiple of 34?
True
Is 14059640 a multiple of 40?
True
Is 26 a factor of 500693?
False
Is 492634 a multiple of 110?
False
Does 189 divide 238171?
False
Does 22 divide 371300?
False
Is 8435 a multiple of 7?
True
Does 182 divide 211848?
True
Is 6337855 a multiple of 203?
False
Is 58 a factor of 209960?
True
Is 21205162 a multiple of 231?
False
Is 886632 a multiple of 75?
False
Is 545880 a multiple of 15?
True
Does 31 divide 3708344?
True
Is 445 a factor of 406730?
True
Does 46 divide 555128?
True
Does 45 divide 238590?
True
Is 15 a factor of 43134795?
True
Is 7429 a multiple of 26?
False
Is 140764 a multiple of 63?
False
Does 2 divide 37067?
False
Is 12 a factor of 311412?
True
Does 165 divide 27720?
True
Is 2 a factor of 2506?
True
Does 18 divide 484497?
False
Does 50 divide 882300?
True
Is 326566 a multiple of 236?
False
Is 214 a factor of 1829914?
True
Is 14 a factor of 64666?
True
Does 692 divide 964941?
False
Is 3580999 a multiple of 292?
False
Is 16435940 a multiple of 340?
True
Is 1457 a factor of 5100496?
False
Is 20 a factor of 34424?
False
Is 4755150 a multiple of 15?
True
Is 179 a factor of 133892?
True
Does 134 divide 504510?
True
Does 71 divide 684582?
True
Is 9 a factor of 590053?
False
Is 98493 a multiple of 8?
False
Is 2716476 a multiple of 443?
True
Is 4818612 a multiple of 37?
False
Is 70 a factor of 120960?
True
Is 533 a factor of 199342?
True
Is 48 a factor of 14640?
True
Is 179 a factor of 3779406?
True
Is 5784577 a multiple of 10?
False
Does 13 divide 4107675?
True
Is 7914605 a multiple of 85?
True
Does 47 divide 3226406?
False
Is 32 a factor of 2084768?
True
Does 596 divide 655600?
True
Does 11 divide 352798?
False
Is 670821 a multiple of 4?
False
Is 53552 even?
True
Does 37 divide 3888034?
True
Does 357 divide 6006168?
True
Is 3721307 a multiple of 10?
False
Is 10 a factor of 11995?
False
Is 254825 a multiple of 25?
True
Does 307 divide 725530?
False
Is 19 a factor of 33003?
True
Is 2463430 a multiple of 367?
False
Does 893 divide 5099389?
False
Is 26 a factor of 2442334?
False
Is 67 a factor of 67201?
True
Does 244 divide 11992?
False
Is 305897 a multiple of 42?
False
Is 139 a factor of 3046185?
True
Does 289 divide 53840?
False
Is 28859876 a multiple of 23?
False
Is 401730 a multiple of 30?
True
Is 36 a factor of 49104?
True
Is 989745 a multiple of 756?
False
Is 91 a factor of 3332108?
False
Does 22 divide 561418?
True
Does 186 divide 94116?
True
Is 71857 a multiple of 181?
True
Is 226398 a multiple of 568?
False
Is 865 a factor of 327056?
False
Is 224 a factor of 3853248?
True
Is 76 a factor of 6246058?
False
Does 126 divide 58675?
False
Is 352 a factor of 2690688?
True
Is 6 a factor of 368824?
False
Is 2070525 a multiple of 1613?
False
Is 30 a factor of 26820?
True
Is 20757380 a multiple of 20?
True
Is 2 a factor of 10798?
True
Does 40 divide 1120396?
False
Does 3 divide 219228?
True
Does 313 divide 270975?
False
Does 275 divide 217525?
True
Is 726461 a multiple of 17?
True
Does 48 divide 22320?
True
Does 146 divide 222212?
True
Is 62 a factor of 964224?
True
Is 833995 a multiple of 3?
False
Does 336 divide 9886128?
True
Is 23 a factor of 78630?
False
Is 1083411 a multiple of 87?
True
Is 3 a factor of 219717?
True
Is 269 a factor of 242369?
True
Is 441 a factor of 1249353?
True
Is 43 a factor of 56752?
False
Does 482 divide 6101551?
False
Is 557 a factor of 1946158?
True
Is 10409611 a multiple of 36?
False
Is 311516 a multiple of 34?
False
Does 180 divide 115200?
True
Is 543844 a multiple of 28?
True
Is 8 a factor of 72444?
False
Is 1245 a factor of 5692140?
True
Is 3767439 a multiple of 10?
False
Is 2 a factor of 25551?
False
Is 298 a factor of 2425422?
True
Is 20 a factor of 6681495?
False
Is 1705579 a multiple of 5?
False
Does 2454 divide 15984014?
False
Is 32 a factor of 125683?
False
Is 76315 a multiple of 193?
False
Is 92652 a multiple of 21?
True
Is 1020 a factor of 11181507?
False
Is 16 a factor of 49648?
True
Is 119 a factor of 71422?
False
Is 937024 a multiple of 265?
False
Is 7547696 a multiple of 131?
True
Does 263 divide 156427?
False
Does 7 divide 140970?
False
Is 272 a factor of 782813?
False
Does 62 divide 178775?
False
Does 76 divide 995959?
False
Does 20 divide 55857?
False
Is 8108831 a multiple of 9?
False
Does 255 divide 4855485?
False
Does 44 divide 11915?
False
Is 6 a factor of 1557?
False
Is 90257 a multiple of 82?
False
Is 1259263 a multiple of 347?
True
Is 15 a factor of 481646?
False
Is 137 a factor of 2639519?
False
Does 220 divide 3853327?
False
Is 111 a factor of 114108?
True
Is 17 a factor of 84422?
True
Does 379 divide 10147405?
False
Is 8336 a multiple of 4?
True
Is 277506 a multiple of 19?
False
Does 7 divide 124760?
False
Is 70 a factor of 1943760?
True
Is 127 a factor of 508889?
True
Is 117332 a multiple of 2?
True
Is 395 a factor of 263502?
False
Is 857059 a multiple of 125?
False
Does 9 divide 150030?
True
Is 5 a factor of 5929187?
False
Does 38 divide 1363592?
True
Is 176412 a multiple of 244?
True
Does 6 divide 500558?
False
Does 31 divide 437940?
False
Does 149 divide 16998965?
False
Is 173360 a multiple of 110?
True
Is 3 a factor of 108070?
False
Does 27 divide 7027?
False
Is 28 a factor of 3900372?
True
Does 75 divide 32556?
False
Does 190 divide 892064?
False
Is 18 a factor of 213192?
True
Is 2415240 a multiple of 27?
False
Is 11 a factor of 565113?
False
Is 2005416 a multiple of 63?
True
Is 432880 a multiple of 61?
False
Is 368 a factor of 290618?
False
Is 5904909 a multiple of 9?
True
Is 6 a factor of 1244742?
True
Does 2 divide 13333?
False
Is 65 a factor of 944775?
True
Is 205 a factor of 5070741?
False
Is 111707 a multiple of 209?
False
Does 79 divide 4310749?
False
Does 434 divide 697004?
True
Is 60864 a multiple of 16?
True
Is 30 a factor of 222570?
True
Is 85 a factor of 1207500?
False
Is 10 a factor of 2742976?
False
Does 289 divide 112930?
False
Is 713491 a multiple of 148?
False
Is 4 a factor of 410276?
True
Is 2826 a factor of 31427946?
True
Is 63 a factor of 19971?
True
Is 159855 a multiple of 41?
False
Does 31 divide 175450?
False
Does 27 divide 4842572?
False
Does 13 divide 28223?
True
Is 2349287 a multiple of 30?
False
Is 201 a factor of 5110339?
False
Is 31 a factor of 2004243?
True
Is 28560 a multiple of 120?
True
Is 709314 a multiple of 51?
False
Does 19 divide 11552?
True
Is 1106 a factor of 22614301?
False
Does 30 divide 3332334?
False
Is 70725 a multiple of 69?
True
Does 1306 divide 38618420?
True
Does 744 divide 21029428?
False
Does 14 divide 1227296?
True
Is 1419814 a multiple of 143?
False
Is 187 a factor of 1687919?
False
Is 86340 a multiple of 6?
True
Is 8047380 a multiple of 30?
True
Is 3081207 a multiple of 101?
True
Does 331 divide 2119724?
True
Is 312804 a multiple of 7?
False
Is 837232 a multiple of 23?
False
Is 66 a factor of 3120546?
True
Does 16 divide 130650?
False
Does 64 divide 8768?
True
Is 7837322 a multiple of 1216?
False
Is 10970570 a multiple of 473?
False
Does 3 divide 165153?
True
Is 149055 a multiple of 18?
False
Is 2822744 a mu